tor of j and 602?
301
Let u be (360/27)/(104/4212). Calculate the greatest common divisor of 11232 and u.
108
Let y = 1 - -55. Let v = y + 1. What is the greatest common factor of 95 and v?
19
Let h = -676 + 1045. Let o = -359 + h. Calculate the highest common divisor of 5 and o.
5
Suppose 22595 - 141846 = -3223*v. Let t = 78 - -70. What is the highest common divisor of v and t?
37
Let y = 5633 + -4400. What is the greatest common divisor of 1096 and y?
137
Suppose 5*u - 1373 = 4*c - 5131, -2832 = -3*c - 3*u. What is the highest common divisor of c and 18?
6
Suppose 11*b = -11*b - 1276. Suppose -98 = 2*z + i, 5*z - 4*i + 169 = 2*z. Let x = z - b. Calculate the highest common divisor of x and 1.
1
Let c be (-118)/(1 - 2) - (-60)/(-10). Let i(r) = 0 - 2 + 15*r + 0. Let x be i(2). What is the highest common divisor of x and c?
28
Let t = 411 + -411. Suppose 4*s + 7*w = 9*w + 34, t = -3*w + 9. What is the highest common divisor of 10 and s?
10
Let y be (909/(-6))/((-30)/20). Let m be y + 18/(-6) + -5. What is the greatest common factor of m and 31?
31
Suppose r - 12 = 18. Let f be ((-2)/3)/((-2)/(-144)). Let b be 29 + f/6 - 1. Calculate the highest common factor of b and r.
10
Let p(n) = n**3 - n**2 - n + 12. Let l be p(0). Suppose 0 = -16*h - 437 + 1973. What is the greatest common divisor of h and l?
12
Suppose -45*i + 48*i - 29 = -4*j, 0 = -5*j - 20. Calculate the greatest common factor of 8595 and i.
15
Suppose 3393642 = 295*y + 820652. What is the highest common divisor of y and 294?
98
Let q = -25854 + 26000. What is the highest common divisor of q and 803?
73
Suppose 11 - 2 = 3*s. Let o(c) = -s*c**2 + 3 + 4*c**2 + 10*c + 10. Let z be o(-11). What is the greatest common factor of z and 8?
8
Let u be (-9 - 40/5)*(-4 - -2). Suppose u*o = 29*o + 390. Calculate the greatest common factor of 273 and o.
39
Let b(z) = -z**2 + 15*z - 11. Let w be b(14). Suppose -13 = -3*s + o + o, -14 = -w*s + o. Let a = s - -2. Calculate the greatest common divisor of a and 14.
7
Let c be 0 - (2 - (-3)/(-1)). Suppose 4 = r + c. Let f be -3*(-12)/20*30. What is the greatest common factor of r and f?
3
Let n = -21744 - -22986. What is the highest common divisor of n and 594?
54
Let o = -24693 - -24828. What is the highest common divisor of 6021 and o?
27
Let n be -10 - 756/(-77) - (-70230)/33. What is the greatest common factor of n and 7?
7
Suppose -5*z - 26 = -4*a + 3*a, 0 = 3*a - 5*z - 78. Let y be (a/(-6) - 0)/(26/(-312)). Calculate the greatest common factor of y and 91.
13
Let g be -152*60/(-160) + -7. What is the greatest common factor of g and 22850?
50
Let r = -532 - -608. Let f = 553 - r. What is the highest common divisor of 53 and f?
53
Let n = -35639 - -35716. Calculate the highest common factor of n and 121.
11
Let o(s) = s**3 + 33*s**2 + 28*s - 32. Let d be o(-32). Suppose 2*p - d = -6*p. Calculate the highest common divisor of 28 and p.
4
Suppose 4*v - 2*h = 96738, 4*v - 5*h - 2843 = 93910. Calculate the highest common divisor of 214 and v.
214
Let u be 1180/25 + (-4)/(-5). Suppose 0 = 2*f - h - 123 - u, -4*f = h - 333. What is the highest common divisor of 24 and f?
12
Suppose 5*c = 4*m + 599 + 976, -9*m - 315 = -c. Suppose -v + 56 = -7. Calculate the greatest common factor of c and v.
63
Suppose -97730*s = -97711*s - 513. What is the highest common factor of 6453 and s?
27
Suppose -3*p + 4 = 1. Let w be 1/(-2) - p/(-1*2). Let b be w - (-2 - 5/1). What is the highest common divisor of b and 14?
7
Suppose 3*h = -3*g + h + 18, -4*g - 3*h + 25 = 0. Let j be (2/(-6) + 52/12)/(-1). Let u be (66/12)/(-11)*2*j. Calculate the greatest common factor of g and u.
4
Suppose 5*p - n - 7 = 0, 2*p = 3*p - n - 3. Suppose 0 = 3*k - 4 + p. Let q be k/2 + 2409/22. Calculate the greatest common divisor of 11 and q.
11
Suppose 8*r + r - 54 = 0. Let q be 3 + (-260)/(-12) - r/9. Suppose -3*g + q = -9. What is the greatest common factor of g and 88?
11
Let q = 624 - 607. Let a(u) = 15*u - 20. Let k be a(7). Calculate the highest common factor of k and q.
17
Let g = 208 + -177. Suppose -1104 = -g*w + 8*w. Calculate the greatest common factor of 272 and w.
16
Let y = -22750 - -22794. Calculate the highest common divisor of 11022 and y.
22
Suppose -l - 4 = 4*a, 4*l - 56 = -4*a - 60. Suppose l = -4*v - 86 + 138. Let n = 18 + 151. What is the greatest common divisor of v and n?
13
Let d = -431 + 427. Let t be ((-182)/d + 0)*(35 - -3). What is the highest common factor of 19 and t?
19
Let f = 4 + 24. Let v = 30 - f. Suppose -v*w = -4*n + 552, -n + 209 - 77 = -2*w. What is the highest common divisor of n and 20?
20
Let v(c) = -c**2 - 8*c + 2. Let u be v(-8). Suppose -z + 363 = u*z. Let a = 502 + -491. What is the greatest common divisor of a and z?
11
Suppose -4*s + 6 = -s. Let f(t) = 15*t**3 + 18*t**2 - 24*t + 5. Let j be f(1). Calculate the greatest common factor of j and s.
2
Suppose -5*p + 450 = -1030. Suppose -52293*o + 2*z = -52295*o + 86, -z + 154 = 4*o. Calculate the highest common factor of p and o.
37
Let u be 3167 - (-12 - -7) - 8. Calculate the highest common factor of u and 7.
7
Suppose -3*b + 2*q = -2956, 2125 - 7045 = -5*b + 5*q. Let f = -540 + b. What is the highest common factor of 14 and f?
14
Suppose -3*r - 37 + 45 = -49. What is the highest common factor of r and 779?
19
Let q(f) = f**3 - 12*f**2 + 11*f + 17. Let m be q(11). Let o(p) = p**3 - 18*p**2 + 12*p + 107. Let c be o(m). What is the highest common factor of 22 and c?
22
Suppose 2854*f - 2799*f - 42099 = 83246. Calculate the greatest common divisor of 159 and f.
53
Let l be 2/(-8) - (5/(-4))/((-27)/(-351)). Suppose -5*w = -5*h + 500, -3*w = -0*w - 12. What is the highest common divisor of l and h?
8
Suppose -m + h = -13, 24*m - 25*m - 5*h = -19. Calculate the highest common divisor of m and 427.
7
Suppose 26*s - 22*s - 240 = 0. Suppose 0 = k - 5*n - 184, -4*k + s + 692 = -4*n. Calculate the greatest common divisor of k and 14.
7
Suppose 3*z - 314 = -5*j, j - 13 + 12 = 0. Calculate the greatest common divisor of z and 721.
103
Let x = 12778 - 12776. Let u be 3/(-15) - (-1)/5. Let r be -2*(u + 2 + -3). Calculate the greatest common divisor of x and r.
2
Let p(y) = y + 27. Let b be p(-11). Let d be b - 1/2*(-16)/2. Calculate the highest common factor of d and 180.
20
Suppose 4*k - 246 - 92 = -2*o, 5*o = -k + 71. Suppose -5*j + 22 = 4*f - 89, 0 = -3*f - j + k. What is the highest common divisor of f and 1?
1
Let u = -15063 + 15175. What is the highest common factor of 608 and u?
16
Let p(l) = 5*l**2 - 94 - 3*l**2 + l**2 + 7*l - l**2 + 91. Let v be p(-8). What is the highest common factor of v and 345?
69
Let r be 7/(567/18) - 411/27. Let b be (17 + -15)*r/2*-3. Calculate the highest common divisor of 495 and b.
45
Let f = -3113 + 3221. What is the highest common divisor of f and 153?
9
Let u be 2/9 + (-30866)/(-99). Suppose -4*j + u = 2*q, 298 = 4*j - 4*q - q. What is the greatest common factor of j and 22?
11
Suppose 2*k - v - 4*v + 18 = 0, -4*k - 36 = 3*v. Let u be ((1782/24)/k)/(2/(-48)). What is the highest common divisor of u and 162?
18
Let u = -1668 - -2948. Calculate the greatest common factor of 120 and u.
40
Let k be -2 - (4/5 - 1584/5). Let h = k - 290. What is the highest common divisor of 120 and h?
24
Let l(i) = 0*i**2 - 3*i + 3*i + 4*i**2 - 7. Let t be l(-5). Suppose 96*q = t*q + 72. Calculate the greatest common divisor of q and 60.
12
Let f(l) = -36*l - 97. Let i be f(-8). Suppose 24*w - 49 = i. Calculate the highest common factor of w and 360.
10
Let t = 114 - -172. Suppose -t = -c - 55. Calculate the highest common factor of c and 63.
21
Suppose 287*f + 2172 = 18244. What is the highest common factor of f and 11032?
56
Let g(m) = -m**3 + 21*m**2 + 25*m - 14. Let o be g(22). Suppose -3*y = -0*s - s + 72, 5*y = 3*s - 224. Calculate the greatest common divisor of o and s.
26
Let d = 34 - 24. Let i be 179 + 3078/570 + (-3)/(-5). Calculate the greatest common divisor of i and d.
5
Suppose -15*l = 14*l + 21*l - 3900. Calculate the highest common divisor of l and 426.
6
Suppose 0 = -32*q - 164*q - 32*q + 2280. What is the greatest common factor of 2410 and q?
10
Let r(o) = -15*o + 24. Let v be r(0). Let z be (-3434)/(-14) - v/84. Calculate the greatest common factor of z and 35.
35
Let h = 1